{"id":1204,"date":"2026-01-05T13:33:45","date_gmt":"2026-01-05T13:33:45","guid":{"rendered":"https:\/\/cafe-etenendrinken.nl\/lent\/?page_id=1204"},"modified":"2026-03-30T13:52:27","modified_gmt":"2026-03-30T11:52:27","slug":"feestlocatie","status":"publish","type":"page","link":"https:\/\/cafe-etenendrinken.nl\/lent\/activiteiten\/feestlocatie\/","title":{"rendered":"Leuke feestlocatie lent"},"content":{"rendered":"\t\t<div data-elementor-type=\"wp-page\" data-elementor-id=\"1204\" class=\"elementor elementor-1204\" data-elementor-post-type=\"page\">\n\t\t\t\t<div class=\"elementor-element elementor-element-1e4e3e9b e-flex e-con-boxed e-con e-parent\" data-id=\"1e4e3e9b\" data-element_type=\"container\" data-e-type=\"container\" data-settings=\"{&quot;background_background&quot;:&quot;classic&quot;}\">\n\t\t\t\t\t<div class=\"e-con-inner\">\n\t\t<div class=\"elementor-element elementor-element-35fd080d e-con-full e-flex e-con e-child\" data-id=\"35fd080d\" data-element_type=\"container\" data-e-type=\"container\">\n\t\t\t\t<div class=\"elementor-element elementor-element-61ee8e75 elementor-widget elementor-widget-heading\" data-id=\"61ee8e75\" data-element_type=\"widget\" data-e-type=\"widget\" data-widget_type=\"heading.default\">\n\t\t\t\t\t<h2 class=\"elementor-heading-title elementor-size-default\">Leuke feestlocatie lent<\/h2>\t\t\t\t<\/div>\n\t\t\t\t<div class=\"elementor-element elementor-element-4154d92a elementor-widget-tablet__width-initial elementor-widget elementor-widget-text-editor\" data-id=\"4154d92a\" data-element_type=\"widget\" data-e-type=\"widget\" data-widget_type=\"text-editor.default\">\n\t\t\t\t\t\t\t\t\t<p>Ben je op zoek naar een leuke feestlocatie voor je babyshower, verjaardag, bedrijfsfeestje of borrel in omgeving Nijmegen Lent? Bij caf\u00e9 Eten en Drinken Lent vieren we graag met jou mee. Lees snel verder voor de verschillende mogelijkheden!<\/p>\t\t\t\t\t\t\t\t<\/div>\n\t\t\t\t<\/div>\n\t\t<div class=\"elementor-element elementor-element-4a93143c e-con-full e-flex e-con e-child\" data-id=\"4a93143c\" data-element_type=\"container\" data-e-type=\"container\">\n\t\t\t\t<div class=\"elementor-element elementor-element-787754bb elementor-widget__width-initial elementor-widget-tablet__width-inherit elementor-widget elementor-widget-image\" data-id=\"787754bb\" data-element_type=\"widget\" data-e-type=\"widget\" data-widget_type=\"image.default\">\n\t\t\t\t\t\t\t\t\t\t\t\t\t\t\t<img fetchpriority=\"high\" decoding=\"async\" width=\"2560\" height=\"1922\" src=\"https:\/\/cafe-etenendrinken.nl\/lent\/wp-content\/uploads\/sites\/6\/2026\/02\/Lent-Feestlocatie-Activiteiten-scaled.jpg\" class=\"attachment-full size-full wp-image-3225\" alt=\"\" srcset=\"https:\/\/cafe-etenendrinken.nl\/lent\/wp-content\/uploads\/sites\/6\/2026\/02\/Lent-Feestlocatie-Activiteiten-scaled.jpg 2560w, https:\/\/cafe-etenendrinken.nl\/lent\/wp-content\/uploads\/sites\/6\/2026\/02\/Lent-Feestlocatie-Activiteiten-300x225.jpg 300w, https:\/\/cafe-etenendrinken.nl\/lent\/wp-content\/uploads\/sites\/6\/2026\/02\/Lent-Feestlocatie-Activiteiten-1024x769.jpg 1024w, https:\/\/cafe-etenendrinken.nl\/lent\/wp-content\/uploads\/sites\/6\/2026\/02\/Lent-Feestlocatie-Activiteiten-768x577.jpg 768w, https:\/\/cafe-etenendrinken.nl\/lent\/wp-content\/uploads\/sites\/6\/2026\/02\/Lent-Feestlocatie-Activiteiten-1536x1153.jpg 1536w, https:\/\/cafe-etenendrinken.nl\/lent\/wp-content\/uploads\/sites\/6\/2026\/02\/Lent-Feestlocatie-Activiteiten-2048x1538.jpg 2048w\" sizes=\"(max-width: 2560px) 100vw, 2560px\" \/>\t\t\t\t\t\t\t\t\t\t\t\t\t\t\t<\/div>\n\t\t\t\t<\/div>\n\t\t\t\t\t<\/div>\n\t\t\t\t<\/div>\n\t\t<div class=\"elementor-element elementor-element-228be21e e-flex e-con-boxed e-con e-parent\" data-id=\"228be21e\" data-element_type=\"container\" data-e-type=\"container\">\n\t\t\t\t\t<div class=\"e-con-inner\">\n\t\t\t\t<div class=\"elementor-element elementor-element-79c4e048 elementor-widget__width-initial elementor-widget-mobile__width-inherit elementor-widget elementor-widget-text-editor\" data-id=\"79c4e048\" data-element_type=\"widget\" data-e-type=\"widget\" data-widget_type=\"text-editor.default\">\n\t\t\t\t\t\t\t\t\t<p><strong>Wat we bieden<\/strong><br \/>Natuurlijk denken we altijd graag met je wensen mee en is alles bespreekbaar. Hieronder vind je alvast een lijst met onze bestaande mogelijkheden.\u00a0<\/p><ul><li>Grote high tea\u2019s met mooie, opgedekte tafels.\u00a0<\/li><li>Borrels met borrelhapjes of borrelplanken.<\/li><li><span style=\"font-family: var( --e-global-typography-text-font-family ), Sans-serif; text-align: var(--text-align);\">Verschillende arrangementen voor shared dining of shared lunch.<\/span><\/li><li><span style=\"font-family: var( --e-global-typography-text-font-family ), Sans-serif; text-align: var(--text-align);\">Verschillende drank arrangementen.\u00a0<\/span><\/li><\/ul><div><b>\u00a0<\/b><\/div><p><strong style=\"font-size: 1rem; font-family: var( --e-global-typography-text-font-family ), Sans-serif; text-align: var(--text-align);\">Locatie<\/strong><\/p><p>Ons caf\u00e9 is gelegen in het mooie Lent op de Lentse Schoolstraat 61. Rondom het caf\u00e9 zijn verschillende mogelijkheden tot gratis parkeren. Daarnaast stopt er een bus op 1 minuut loopafstand van het caf\u00e9. Dit maakt het een goed bereikbare feestlocatie.<\/p><p>We kunnen arrangementen of plek aanbieden voor ongeveer 50 personen. Het is mogelijk om een deel van het caf\u00e9 voor je reserveren of een deel van ons (verwarmde) terras.<\/p><p><strong>Prijzen<\/strong><br \/>Bekijk hieronder onze arrangementen en prijzen! Natuurlijk kan er altijd overlegd worden om dingen weg te halen of toe te voegen, dus geef je wensen vooral door.<\/p>\t\t\t\t\t\t\t\t<\/div>\n\t\t\t\t<div class=\"elementor-element elementor-element-b671fbc elementor-widget__width-initial elementor-widget elementor-widget-image\" data-id=\"b671fbc\" data-element_type=\"widget\" data-e-type=\"widget\" data-widget_type=\"image.default\">\n\t\t\t\t\t\t\t\t\t\t\t\t\t\t\t<img decoding=\"async\" width=\"768\" height=\"1086\" src=\"https:\/\/cafe-etenendrinken.nl\/lent\/wp-content\/uploads\/sites\/6\/2026\/03\/Arrangementen-ED-Lent-zomer-2026-768x1086.jpg\" class=\"attachment-medium_large size-medium_large wp-image-3404\" alt=\"\" srcset=\"https:\/\/cafe-etenendrinken.nl\/lent\/wp-content\/uploads\/sites\/6\/2026\/03\/Arrangementen-ED-Lent-zomer-2026-768x1086.jpg 768w, https:\/\/cafe-etenendrinken.nl\/lent\/wp-content\/uploads\/sites\/6\/2026\/03\/Arrangementen-ED-Lent-zomer-2026-212x300.jpg 212w, https:\/\/cafe-etenendrinken.nl\/lent\/wp-content\/uploads\/sites\/6\/2026\/03\/Arrangementen-ED-Lent-zomer-2026-724x1024.jpg 724w, https:\/\/cafe-etenendrinken.nl\/lent\/wp-content\/uploads\/sites\/6\/2026\/03\/Arrangementen-ED-Lent-zomer-2026-1086x1536.jpg 1086w, https:\/\/cafe-etenendrinken.nl\/lent\/wp-content\/uploads\/sites\/6\/2026\/03\/Arrangementen-ED-Lent-zomer-2026-1448x2048.jpg 1448w, https:\/\/cafe-etenendrinken.nl\/lent\/wp-content\/uploads\/sites\/6\/2026\/03\/Arrangementen-ED-Lent-zomer-2026-scaled.jpg 1810w\" sizes=\"(max-width: 768px) 100vw, 768px\" \/>\t\t\t\t\t\t\t\t\t\t\t\t\t\t\t<\/div>\n\t\t\t\t<div class=\"elementor-element elementor-element-3e87e6b elementor-widget elementor-widget-button\" data-id=\"3e87e6b\" data-element_type=\"widget\" data-e-type=\"widget\" data-widget_type=\"button.default\">\n\t\t\t\t\t\t\t\t\t\t<a class=\"elementor-button elementor-button-link elementor-size-sm\" href=\"mailto:lent@cafe-etenendrinken.nl\">\n\t\t\t\t\t\t<span class=\"elementor-button-content-wrapper\">\n\t\t\t\t\t\t\t\t\t<span class=\"elementor-button-text\">Doe hier een aanvraag<\/span>\n\t\t\t\t\t<\/span>\n\t\t\t\t\t<\/a>\n\t\t\t\t\t\t\t\t<\/div>\n\t\t\t\t\t<\/div>\n\t\t\t\t<\/div>\n\t\t\t\t<\/div>\n\t\t","protected":false},"excerpt":{"rendered":"<p>Leuke feestlocatie lent Ben je op zoek naar een leuke feestlocatie voor je babyshower, verjaardag, bedrijfsfeestje of borrel in omgeving Nijmegen Lent? Bij caf\u00e9 Eten en Drinken Lent vieren we graag met jou mee. Lees snel verder voor de verschillende mogelijkheden! Wat we biedenNatuurlijk denken we altijd graag met je wensen mee en is alles [&hellip;]<\/p>\n","protected":false},"author":1,"featured_media":3225,"parent":1135,"menu_order":0,"comment_status":"closed","ping_status":"closed","template":"","meta":{"_acf_changed":false,"footnotes":""},"class_list":["post-1204","page","type-page","status-publish","has-post-thumbnail","hentry"],"acf":[],"yoast_head":"<!-- This site is optimized with the Yoast SEO plugin v27.4 - https:\/\/yoast.com\/product\/yoast-seo-wordpress\/ -->\n<title>Leuke feestlocatie lent - Caf\u00e9 Eten en Drinken Lent<\/title>\n<meta name=\"description\" content=\"Op zoek naar een leuke feestlocatie voor je babyshower, verjaardag, bedrijfsfeestje of borrel in omgeving Nijmegen Lent? Bekijk ons aanbod!\" \/>\n<meta name=\"robots\" content=\"index, follow, max-snippet:-1, max-image-preview:large, max-video-preview:-1\" \/>\n<link rel=\"canonical\" href=\"https:\/\/cafe-etenendrinken.nl\/lent\/activiteiten\/feestlocatie\/\" \/>\n<meta property=\"og:locale\" content=\"nl_NL\" \/>\n<meta property=\"og:type\" content=\"article\" \/>\n<meta property=\"og:title\" content=\"Leuke feestlocatie lent - Caf\u00e9 Eten en Drinken Lent\" \/>\n<meta property=\"og:description\" content=\"Op zoek naar een leuke feestlocatie voor je babyshower, verjaardag, bedrijfsfeestje of borrel in omgeving Nijmegen Lent? Bekijk ons aanbod!\" \/>\n<meta property=\"og:url\" content=\"https:\/\/cafe-etenendrinken.nl\/lent\/activiteiten\/feestlocatie\/\" \/>\n<meta property=\"og:site_name\" content=\"Caf\u00e9 Eten en Drinken Lent\" \/>\n<meta property=\"article:modified_time\" content=\"2026-03-30T11:52:27+00:00\" \/>\n<meta property=\"og:image\" content=\"https:\/\/cafe-etenendrinken.nl\/lent\/wp-content\/uploads\/sites\/6\/2026\/01\/Activiteitenagenda-website-1.jpg\" \/>\n\t<meta property=\"og:image:width\" content=\"660\" \/>\n\t<meta property=\"og:image:height\" content=\"660\" \/>\n\t<meta property=\"og:image:type\" content=\"image\/jpeg\" \/>\n<meta name=\"twitter:card\" content=\"summary_large_image\" \/>\n<meta name=\"twitter:label1\" content=\"Geschatte leestijd\" \/>\n\t<meta name=\"twitter:data1\" content=\"1 minuut\" \/>\n<script type=\"application\/ld+json\" class=\"yoast-schema-graph\">{\"@context\":\"https:\\\/\\\/schema.org\",\"@graph\":[{\"@type\":\"WebPage\",\"@id\":\"https:\\\/\\\/cafe-etenendrinken.nl\\\/lent\\\/activiteiten\\\/feestlocatie\\\/\",\"url\":\"https:\\\/\\\/cafe-etenendrinken.nl\\\/lent\\\/activiteiten\\\/feestlocatie\\\/\",\"name\":\"Leuke feestlocatie lent - Caf\u00e9 Eten en Drinken Lent\",\"isPartOf\":{\"@id\":\"https:\\\/\\\/cafe-etenendrinken.nl\\\/lent\\\/#website\"},\"primaryImageOfPage\":{\"@id\":\"https:\\\/\\\/cafe-etenendrinken.nl\\\/lent\\\/activiteiten\\\/feestlocatie\\\/#primaryimage\"},\"image\":{\"@id\":\"https:\\\/\\\/cafe-etenendrinken.nl\\\/lent\\\/activiteiten\\\/feestlocatie\\\/#primaryimage\"},\"thumbnailUrl\":\"https:\\\/\\\/cafe-etenendrinken.nl\\\/lent\\\/wp-content\\\/uploads\\\/sites\\\/6\\\/2026\\\/02\\\/Lent-Feestlocatie-Activiteiten-scaled.jpg\",\"datePublished\":\"2026-01-05T13:33:45+00:00\",\"dateModified\":\"2026-03-30T11:52:27+00:00\",\"description\":\"Op zoek naar een leuke feestlocatie voor je babyshower, verjaardag, bedrijfsfeestje of borrel in omgeving Nijmegen Lent? Bekijk ons aanbod!\",\"breadcrumb\":{\"@id\":\"https:\\\/\\\/cafe-etenendrinken.nl\\\/lent\\\/activiteiten\\\/feestlocatie\\\/#breadcrumb\"},\"inLanguage\":\"nl-NL\",\"potentialAction\":[{\"@type\":\"ReadAction\",\"target\":[\"https:\\\/\\\/cafe-etenendrinken.nl\\\/lent\\\/activiteiten\\\/feestlocatie\\\/\"]}]},{\"@type\":\"ImageObject\",\"inLanguage\":\"nl-NL\",\"@id\":\"https:\\\/\\\/cafe-etenendrinken.nl\\\/lent\\\/activiteiten\\\/feestlocatie\\\/#primaryimage\",\"url\":\"https:\\\/\\\/cafe-etenendrinken.nl\\\/lent\\\/wp-content\\\/uploads\\\/sites\\\/6\\\/2026\\\/02\\\/Lent-Feestlocatie-Activiteiten-scaled.jpg\",\"contentUrl\":\"https:\\\/\\\/cafe-etenendrinken.nl\\\/lent\\\/wp-content\\\/uploads\\\/sites\\\/6\\\/2026\\\/02\\\/Lent-Feestlocatie-Activiteiten-scaled.jpg\",\"width\":2560,\"height\":1922},{\"@type\":\"BreadcrumbList\",\"@id\":\"https:\\\/\\\/cafe-etenendrinken.nl\\\/lent\\\/activiteiten\\\/feestlocatie\\\/#breadcrumb\",\"itemListElement\":[{\"@type\":\"ListItem\",\"position\":1,\"name\":\"Home\",\"item\":\"https:\\\/\\\/cafe-etenendrinken.nl\\\/lent\\\/\"},{\"@type\":\"ListItem\",\"position\":2,\"name\":\"Activiteiten\",\"item\":\"https:\\\/\\\/cafe-etenendrinken.nl\\\/lent\\\/activiteiten\\\/\"},{\"@type\":\"ListItem\",\"position\":3,\"name\":\"Leuke feestlocatie lent\"}]},{\"@type\":\"WebSite\",\"@id\":\"https:\\\/\\\/cafe-etenendrinken.nl\\\/lent\\\/#website\",\"url\":\"https:\\\/\\\/cafe-etenendrinken.nl\\\/lent\\\/\",\"name\":\"Caf\u00e9 Eten en Drinken Lent\",\"description\":\"Caf\u00e9 Eten en Drinken Lent\",\"publisher\":{\"@id\":\"https:\\\/\\\/cafe-etenendrinken.nl\\\/lent\\\/#organization\"},\"potentialAction\":[{\"@type\":\"SearchAction\",\"target\":{\"@type\":\"EntryPoint\",\"urlTemplate\":\"https:\\\/\\\/cafe-etenendrinken.nl\\\/lent\\\/?s={search_term_string}\"},\"query-input\":{\"@type\":\"PropertyValueSpecification\",\"valueRequired\":true,\"valueName\":\"search_term_string\"}}],\"inLanguage\":\"nl-NL\"},{\"@type\":\"Organization\",\"@id\":\"https:\\\/\\\/cafe-etenendrinken.nl\\\/lent\\\/#organization\",\"name\":\"Caf\u00e9 Eten en Drinken Lent\",\"url\":\"https:\\\/\\\/cafe-etenendrinken.nl\\\/lent\\\/\",\"logo\":{\"@type\":\"ImageObject\",\"inLanguage\":\"nl-NL\",\"@id\":\"https:\\\/\\\/cafe-etenendrinken.nl\\\/lent\\\/#\\\/schema\\\/logo\\\/image\\\/\",\"url\":\"https:\\\/\\\/cafe-etenendrinken.nl\\\/lent\\\/wp-content\\\/uploads\\\/sites\\\/6\\\/2025\\\/11\\\/EenD_LOGO_web.png\",\"contentUrl\":\"https:\\\/\\\/cafe-etenendrinken.nl\\\/lent\\\/wp-content\\\/uploads\\\/sites\\\/6\\\/2025\\\/11\\\/EenD_LOGO_web.png\",\"width\":497,\"height\":128,\"caption\":\"Caf\u00e9 Eten en Drinken Lent\"},\"image\":{\"@id\":\"https:\\\/\\\/cafe-etenendrinken.nl\\\/lent\\\/#\\\/schema\\\/logo\\\/image\\\/\"}}]}<\/script>\n<!-- \/ Yoast SEO plugin. -->","yoast_head_json":{"title":"Leuke feestlocatie lent - Caf\u00e9 Eten en Drinken Lent","description":"Op zoek naar een leuke feestlocatie voor je babyshower, verjaardag, bedrijfsfeestje of borrel in omgeving Nijmegen Lent? Bekijk ons aanbod!","robots":{"index":"index","follow":"follow","max-snippet":"max-snippet:-1","max-image-preview":"max-image-preview:large","max-video-preview":"max-video-preview:-1"},"canonical":"https:\/\/cafe-etenendrinken.nl\/lent\/activiteiten\/feestlocatie\/","og_locale":"nl_NL","og_type":"article","og_title":"Leuke feestlocatie lent - Caf\u00e9 Eten en Drinken Lent","og_description":"Op zoek naar een leuke feestlocatie voor je babyshower, verjaardag, bedrijfsfeestje of borrel in omgeving Nijmegen Lent? Bekijk ons aanbod!","og_url":"https:\/\/cafe-etenendrinken.nl\/lent\/activiteiten\/feestlocatie\/","og_site_name":"Caf\u00e9 Eten en Drinken Lent","article_modified_time":"2026-03-30T11:52:27+00:00","og_image":[{"width":660,"height":660,"url":"https:\/\/cafe-etenendrinken.nl\/lent\/wp-content\/uploads\/sites\/6\/2026\/01\/Activiteitenagenda-website-1.jpg","type":"image\/jpeg"}],"twitter_card":"summary_large_image","twitter_misc":{"Geschatte leestijd":"1 minuut"},"schema":{"@context":"https:\/\/schema.org","@graph":[{"@type":"WebPage","@id":"https:\/\/cafe-etenendrinken.nl\/lent\/activiteiten\/feestlocatie\/","url":"https:\/\/cafe-etenendrinken.nl\/lent\/activiteiten\/feestlocatie\/","name":"Leuke feestlocatie lent - Caf\u00e9 Eten en Drinken Lent","isPartOf":{"@id":"https:\/\/cafe-etenendrinken.nl\/lent\/#website"},"primaryImageOfPage":{"@id":"https:\/\/cafe-etenendrinken.nl\/lent\/activiteiten\/feestlocatie\/#primaryimage"},"image":{"@id":"https:\/\/cafe-etenendrinken.nl\/lent\/activiteiten\/feestlocatie\/#primaryimage"},"thumbnailUrl":"https:\/\/cafe-etenendrinken.nl\/lent\/wp-content\/uploads\/sites\/6\/2026\/02\/Lent-Feestlocatie-Activiteiten-scaled.jpg","datePublished":"2026-01-05T13:33:45+00:00","dateModified":"2026-03-30T11:52:27+00:00","description":"Op zoek naar een leuke feestlocatie voor je babyshower, verjaardag, bedrijfsfeestje of borrel in omgeving Nijmegen Lent? Bekijk ons aanbod!","breadcrumb":{"@id":"https:\/\/cafe-etenendrinken.nl\/lent\/activiteiten\/feestlocatie\/#breadcrumb"},"inLanguage":"nl-NL","potentialAction":[{"@type":"ReadAction","target":["https:\/\/cafe-etenendrinken.nl\/lent\/activiteiten\/feestlocatie\/"]}]},{"@type":"ImageObject","inLanguage":"nl-NL","@id":"https:\/\/cafe-etenendrinken.nl\/lent\/activiteiten\/feestlocatie\/#primaryimage","url":"https:\/\/cafe-etenendrinken.nl\/lent\/wp-content\/uploads\/sites\/6\/2026\/02\/Lent-Feestlocatie-Activiteiten-scaled.jpg","contentUrl":"https:\/\/cafe-etenendrinken.nl\/lent\/wp-content\/uploads\/sites\/6\/2026\/02\/Lent-Feestlocatie-Activiteiten-scaled.jpg","width":2560,"height":1922},{"@type":"BreadcrumbList","@id":"https:\/\/cafe-etenendrinken.nl\/lent\/activiteiten\/feestlocatie\/#breadcrumb","itemListElement":[{"@type":"ListItem","position":1,"name":"Home","item":"https:\/\/cafe-etenendrinken.nl\/lent\/"},{"@type":"ListItem","position":2,"name":"Activiteiten","item":"https:\/\/cafe-etenendrinken.nl\/lent\/activiteiten\/"},{"@type":"ListItem","position":3,"name":"Leuke feestlocatie lent"}]},{"@type":"WebSite","@id":"https:\/\/cafe-etenendrinken.nl\/lent\/#website","url":"https:\/\/cafe-etenendrinken.nl\/lent\/","name":"Caf\u00e9 Eten en Drinken Lent","description":"Caf\u00e9 Eten en Drinken Lent","publisher":{"@id":"https:\/\/cafe-etenendrinken.nl\/lent\/#organization"},"potentialAction":[{"@type":"SearchAction","target":{"@type":"EntryPoint","urlTemplate":"https:\/\/cafe-etenendrinken.nl\/lent\/?s={search_term_string}"},"query-input":{"@type":"PropertyValueSpecification","valueRequired":true,"valueName":"search_term_string"}}],"inLanguage":"nl-NL"},{"@type":"Organization","@id":"https:\/\/cafe-etenendrinken.nl\/lent\/#organization","name":"Caf\u00e9 Eten en Drinken Lent","url":"https:\/\/cafe-etenendrinken.nl\/lent\/","logo":{"@type":"ImageObject","inLanguage":"nl-NL","@id":"https:\/\/cafe-etenendrinken.nl\/lent\/#\/schema\/logo\/image\/","url":"https:\/\/cafe-etenendrinken.nl\/lent\/wp-content\/uploads\/sites\/6\/2025\/11\/EenD_LOGO_web.png","contentUrl":"https:\/\/cafe-etenendrinken.nl\/lent\/wp-content\/uploads\/sites\/6\/2025\/11\/EenD_LOGO_web.png","width":497,"height":128,"caption":"Caf\u00e9 Eten en Drinken Lent"},"image":{"@id":"https:\/\/cafe-etenendrinken.nl\/lent\/#\/schema\/logo\/image\/"}}]}},"_links":{"self":[{"href":"https:\/\/cafe-etenendrinken.nl\/lent\/wp-json\/wp\/v2\/pages\/1204","targetHints":{"allow":["GET"]}}],"collection":[{"href":"https:\/\/cafe-etenendrinken.nl\/lent\/wp-json\/wp\/v2\/pages"}],"about":[{"href":"https:\/\/cafe-etenendrinken.nl\/lent\/wp-json\/wp\/v2\/types\/page"}],"author":[{"embeddable":true,"href":"https:\/\/cafe-etenendrinken.nl\/lent\/wp-json\/wp\/v2\/users\/1"}],"replies":[{"embeddable":true,"href":"https:\/\/cafe-etenendrinken.nl\/lent\/wp-json\/wp\/v2\/comments?post=1204"}],"version-history":[{"count":16,"href":"https:\/\/cafe-etenendrinken.nl\/lent\/wp-json\/wp\/v2\/pages\/1204\/revisions"}],"predecessor-version":[{"id":3408,"href":"https:\/\/cafe-etenendrinken.nl\/lent\/wp-json\/wp\/v2\/pages\/1204\/revisions\/3408"}],"up":[{"embeddable":true,"href":"https:\/\/cafe-etenendrinken.nl\/lent\/wp-json\/wp\/v2\/pages\/1135"}],"wp:featuredmedia":[{"embeddable":true,"href":"https:\/\/cafe-etenendrinken.nl\/lent\/wp-json\/wp\/v2\/media\/3225"}],"wp:attachment":[{"href":"https:\/\/cafe-etenendrinken.nl\/lent\/wp-json\/wp\/v2\/media?parent=1204"}],"curies":[{"name":"wp","href":"https:\/\/api.w.org\/{rel}","templated":true}]}}